{"id":24,"date":"2021-12-14T13:37:04","date_gmt":"2021-12-14T12:37:04","guid":{"rendered":"https:\/\/dimedia.pl\/?page_id=24"},"modified":"2022-05-26T13:18:48","modified_gmt":"2022-05-26T11:18:48","slug":"oferta","status":"publish","type":"page","link":"https:\/\/dimedia.pl\/index.php\/oferta\/","title":{"rendered":"Oferta"},"content":{"rendered":"<p>[et_pb_section fb_built=&#8221;1&#8243; _builder_version=&#8221;4.17.4&#8243; _module_preset=&#8221;default&#8221; background_color=&#8221;#313235&#8243; background_image=&#8221;https:\/\/dimedia.pl\/wp-content\/uploads\/2022\/02\/pexels-pixabay-373076-scaled.jpg&#8221; background_blend=&#8221;multiply&#8221; min_height=&#8221;100vh&#8221; global_colors_info=&#8221;{}&#8221;][et_pb_row _builder_version=&#8221;4.17.4&#8243; _module_preset=&#8221;default&#8221; min_height=&#8221;221px&#8221; global_colors_info=&#8221;{}&#8221;][et_pb_column type=&#8221;4_4&#8243; _builder_version=&#8221;4.17.4&#8243; _module_preset=&#8221;default&#8221; global_colors_info=&#8221;{}&#8221;][\/et_pb_column][\/et_pb_row][et_pb_row _builder_version=&#8221;4.17.4&#8243; _module_preset=&#8221;default&#8221; global_colors_info=&#8221;{}&#8221;][et_pb_column type=&#8221;4_4&#8243; _builder_version=&#8221;4.17.4&#8243; _module_preset=&#8221;default&#8221; global_colors_info=&#8221;{}&#8221;][et_pb_text _builder_version=&#8221;4.17.4&#8243; _module_preset=&#8221;default&#8221; background_layout=&#8221;dark&#8221; global_colors_info=&#8221;{}&#8221;]<\/p>\n<h1 style=\"text-align: center;\">Oferta<\/h1>\n<p>[\/et_pb_text][et_pb_text _builder_version=&#8221;4.17.4&#8243; _module_preset=&#8221;default&#8221; background_layout=&#8221;dark&#8221; global_colors_info=&#8221;{}&#8221;]<\/p>\n<h3 style=\"text-align: center;\">Szukaj\u0105 Pa\u0144stwo jednorazowego projektu?<br \/>A mo\u017ce potrzebna jest sp\u00f3jna, rozbudowana kampania reklamowa?<\/h3>\n<p>[\/et_pb_text][et_pb_text _builder_version=&#8221;4.17.4&#8243; _module_preset=&#8221;default&#8221; background_layout=&#8221;dark&#8221; global_colors_info=&#8221;{}&#8221;]<\/p>\n<p style=\"text-align: center;\">Jeste\u015bmy wielozadaniowi. Realizujemy zar\u00f3wno drobne, pojedyncze zlecenia, jak i du\u017ce, skomplikowane projekty.<\/p>\n<p>[\/et_pb_text][\/et_pb_column][\/et_pb_row][et_pb_row _builder_version=&#8221;4.17.4&#8243; _module_preset=&#8221;default&#8221; global_colors_info=&#8221;{}&#8221;][et_pb_column type=&#8221;4_4&#8243; _builder_version=&#8221;4.17.4&#8243; _module_preset=&#8221;default&#8221; global_colors_info=&#8221;{}&#8221;][\/et_pb_column][\/et_pb_row][et_pb_row _builder_version=&#8221;4.17.4&#8243; _module_preset=&#8221;default&#8221; locked=&#8221;off&#8221; global_colors_info=&#8221;{}&#8221;][et_pb_column type=&#8221;4_4&#8243; _builder_version=&#8221;4.17.4&#8243; _module_preset=&#8221;default&#8221; global_colors_info=&#8221;{}&#8221;][et_pb_text _builder_version=&#8221;4.17.4&#8243; _module_preset=&#8221;default&#8221; background_layout=&#8221;dark&#8221; global_colors_info=&#8221;{}&#8221;]<\/p>\n<div class=\"elementor-element elementor-element-7088a9e elementor-hidden-mobile elementor-widget elementor-widget-heading animated fadeIn\" data-id=\"7088a9e\" data-element_type=\"widget\" data-settings=\"{&quot;_animation&quot;:&quot;fadeIn&quot;,&quot;_animation_delay&quot;:1200}\" data-widget_type=\"heading.default\">\n<div class=\"elementor-widget-container\">\n<h4 class=\"elementor-heading-title elementor-size-default\" style=\"text-align: center;\">Wi\u0119cej informacji<\/h4>\n<\/div>\n<\/div>\n<p>[\/et_pb_text][et_pb_icon font_icon=&#8221;&#x43;||divi||400&#8243; icon_color=&#8221;#FFFFFF&#8221; icon_width=&#8221;59px&#8221; url=&#8221;#oferta-slider&#8221; _builder_version=&#8221;4.17.4&#8243; _module_preset=&#8221;default&#8221; animation_style=&#8221;bounce&#8221; animation_direction=&#8221;top&#8221; global_colors_info=&#8221;{}&#8221;][\/et_pb_icon][\/et_pb_column][\/et_pb_row][\/et_pb_section][et_pb_section fb_built=&#8221;1&#8243; fullwidth=&#8221;on&#8221; module_id=&#8221;oferta-slider&#8221; _builder_version=&#8221;4.17.4&#8243; _module_preset=&#8221;default&#8221; global_colors_info=&#8221;{}&#8221;][et_pb_fullwidth_slider _builder_version=&#8221;4.17.4&#8243; _module_preset=&#8221;default&#8221; background_color=&#8221;#313235&#8243; auto=&#8221;on&#8221; auto_speed=&#8221;15000&#8243; hover_enabled=&#8221;0&#8243; global_colors_info=&#8221;{}&#8221; link_option_url=&#8221;@ET-DC@eyJkeW5hbWljIjp0cnVlLCJjb250ZW50IjoicG9zdF9saW5rX3VybF9wYWdlIiwic2V0dGluZ3MiOnsicG9zdF9pZCI6IjE1ODUifX0=@&#8221; _dynamic_attributes=&#8221;link_option_url&#8221; sticky_enabled=&#8221;0&#8243;][et_pb_slide heading=&#8221;  Komunikacja zewn\u0119trzna i wewn\u0119trzna&#8221; image=&#8221;https:\/\/dimedia.pl\/wp-content\/uploads\/2022\/01\/1807.i216.043.P.m005.c20.coworking_set-Przekonwertowany-eksport-10.png&#8221; _builder_version=&#8221;4.17.4&#8243; _module_preset=&#8221;default&#8221; background_color=&#8221;#313235&#8243; background_enable_color=&#8221;on&#8221; background_enable_image=&#8221;off&#8221; background_blend=&#8221;multiply&#8221; global_colors_info=&#8221;{}&#8221; sticky_transition=&#8221;on&#8221;]<\/p>\n<p>Oryginalny pomys\u0142, ambitna wizja, \u015bmia\u0142y plan \u2013 to podstawa sukcesu. R\u00f3wnie wa\u017cne s\u0105 jednak umiej\u0119tne przygotowanie i pracoch\u0142onna realizacja. Opracujemy dla Pa\u0144stwa sp\u00f3jny koncept budowania i promowania marki, tak by dotrze\u0107 do grupy docelowej oraz odpowiednio wyeksponowa\u0107 warto\u015b\u0107 i potencja\u0142 oferty. Pomo\u017cemy wprowadzi\u0107 na rynek, a nast\u0119pnie wypromowa\u0107 nowe produkty i us\u0142ugi oraz dobra\u0107 w\u0142a\u015bciwe narz\u0119dzia komunikacji.<\/p>\n<p>[\/et_pb_slide][et_pb_slide heading=&#8221;  Marketing internetowy&#8221; image=&#8221;https:\/\/dimedia.pl\/wp-content\/uploads\/2022\/01\/1807.i216.043.P.m005.c20.coworking_set-Przekonwertowany-eksport-12.png&#8221; _builder_version=&#8221;4.17.4&#8243; _module_preset=&#8221;default&#8221; background_color=&#8221;#313235&#8243; background_enable_color=&#8221;on&#8221; background_enable_image=&#8221;off&#8221; background_blend=&#8221;multiply&#8221; global_colors_info=&#8221;{}&#8221; sticky_transition=&#8221;on&#8221;]<\/p>\n<p>Trudno sobie wyobrazi\u0107 efektywne funkcjonowanie wsp\u00f3\u0142czesnej firmy bez marketingu internetowego. Obecno\u015b\u0107 w mediach spo\u0142eczno\u015bciowych to obecno\u015b\u0107 w \u015bwiadomo\u015bci klient\u00f3w \u2013 pozwala utrzymywa\u0107 z nimi kontakt, na bie\u017c\u0105co informowa\u0107 o swoich dzia\u0142aniach, promowa\u0107 ofert\u0119 oraz podnosi\u0107 sprzeda\u017c. Powierzaj\u0105c nam ten aspekt swojej dzia\u0142alno\u015bci, mog\u0105 Pa\u0144stwo by\u0107 pewni, \u017ce skutecznie wykorzystamy potencja\u0142 tych narz\u0119dzi.<\/p>\n<p>[\/et_pb_slide][et_pb_slide heading=&#8221;  Materia\u0142y filmowe i animacje&#8221; image=&#8221;https:\/\/dimedia.pl\/wp-content\/uploads\/2022\/01\/1807.i216.043.P.m005.c20.coworking_set-Przekonwertowany-eksport-02.png&#8221; _builder_version=&#8221;4.17.4&#8243; _module_preset=&#8221;default&#8221; background_color=&#8221;#313235&#8243; background_enable_color=&#8221;on&#8221; background_enable_image=&#8221;off&#8221; background_blend=&#8221;multiply&#8221; global_colors_info=&#8221;{}&#8221; sticky_transition=&#8221;on&#8221;]<\/p>\n<p>To dynamicznie rozwijaj\u0105ce si\u0119 dziedzina marketingu, kt\u00f3ra w biznesie ma obecnie coraz wi\u0119ksze znaczenie. Filmy i animacje nie s\u0105 ju\u017c tylko luksusem wielkich firm, ale standardem w nowoczesnej komunikacji. W ramach naszej dzia\u0142alno\u015bci zapewniamy profesjonalne przygotowanie tych form reklamy.<\/p>\n<p>[\/et_pb_slide][et_pb_slide heading=&#8221;  Projektowanie graficzne&#8221; image=&#8221;https:\/\/dimedia.pl\/wp-content\/uploads\/2022\/01\/1807.i216.043.P.m005.c20.coworking_set-Przekonwertowany-eksport-06.png&#8221; _builder_version=&#8221;4.17.4&#8243; _module_preset=&#8221;default&#8221; background_color=&#8221;#313235&#8243; background_enable_color=&#8221;on&#8221; background_enable_image=&#8221;off&#8221; background_blend=&#8221;multiply&#8221; global_colors_info=&#8221;{}&#8221; sticky_transition=&#8221;on&#8221;]<\/p>\n<p>Sukces marki to nie tylko dobry produkt, ale te\u017c odpowiednia identyfikacja wizualna. Kreatywny, ciekawy i w\u0142a\u015bciwie zrealizowany projekt graficzny pozwala si\u0119 wyr\u00f3\u017cni\u0107, budzi emocje, \u201eopowiada\u201d o firmie, buduje \u015bwiadomo\u015b\u0107 marki u odbiorc\u00f3w. Jako\u015b\u0107 Pa\u0144stwa materia\u0142\u00f3w graficznych \u015bwiadczy o jako\u015b\u0107 Pa\u0144stwa oferty. Powierzaj\u0105c nam t\u0119 dziedzin\u0119, mog\u0105 Pa\u0144stwo spokojnie skupi\u0107 si\u0119 na swojej pracy, a nasi specjali\u015bci zadbaj\u0105 o stron\u0119 wizualn\u0105 wszelkich form prezentacji jej efekt\u00f3w.<\/p>\n<p>[\/et_pb_slide][et_pb_slide heading=&#8221;  Dzia\u0142alno\u015b\u0107 wydawnicza i druk&#8221; image=&#8221;https:\/\/dimedia.pl\/wp-content\/uploads\/2022\/01\/1807.i216.043.P.m005.c20.coworking_set-Przekonwertowany-eksport-09.png&#8221; _builder_version=&#8221;4.17.4&#8243; _module_preset=&#8221;default&#8221; background_color=&#8221;#313235&#8243; background_enable_color=&#8221;on&#8221; background_enable_image=&#8221;off&#8221; background_blend=&#8221;multiply&#8221; global_colors_info=&#8221;{}&#8221; sticky_transition=&#8221;on&#8221;]<\/p>\n<p>Tradycyjne publikacje nadal stanowi\u0105 wa\u017cny element biznesu, a rozwojowi medi\u00f3w elektronicznych niezmiennie towarzyszy rozw\u00f3j jako\u015bci materia\u0142\u00f3w drukowanych. Nasze wieloletnie do\u015bwiadczenie w bran\u017cy wydawniczej i dziennikarskiej pozwala nam profesjonalne przeprowadza\u0107 dla naszych Klient\u00f3w ca\u0142y proces wydawniczy i oddawa\u0107 w ich r\u0119ce starannie opracowane publikacje, niezale\u017cnie od tego, czy to niewielka broszura, gazeta bran\u017cowa, czy te\u017c obszerny album.<\/p>\n<p>[\/et_pb_slide][et_pb_slide heading=&#8221;  Materia\u0142y reklamowe&#8221; image=&#8221;https:\/\/dimedia.pl\/wp-content\/uploads\/2022\/01\/1807.i216.043.P.m005.c20.coworking_set-Przekonwertowany-eksport-08.png&#8221; _builder_version=&#8221;4.17.4&#8243; _module_preset=&#8221;default&#8221; background_color=&#8221;#313235&#8243; background_enable_color=&#8221;on&#8221; background_enable_image=&#8221;off&#8221; background_blend=&#8221;multiply&#8221; global_colors_info=&#8221;{}&#8221; sticky_transition=&#8221;on&#8221;]<\/p>\n<p>Ka\u017cda forma promocji \u2013 niezale\u017cnie od tego, czy to gad\u017cet dla klient\u00f3w, prosty baner, odzie\u017c reklamowa czy te\u017c rozbudowane stoisko handlowe \u2013 wymaga kreatywnego podej\u015bcia i staranno\u015bci, bo \u015bwiadczy o Pa\u0144stwa firmie. Maj\u0105c t\u0119 \u015bwiadomo\u015b\u0107, przygotowujemy materia\u0142y z dba\u0142o\u015bci\u0105 o ka\u017cdy drobiazg, tak by efekt ko\u0144cowy by\u0142 odpowiednio dopracowany i atrakcyjny.<\/p>\n<p>[\/et_pb_slide][et_pb_slide heading=&#8221;  Budowanie program\u00f3w spo\u0142ecznych&#8221; image=&#8221;https:\/\/dimedia.pl\/wp-content\/uploads\/2022\/01\/1807.i216.043.P.m005.c20.coworking_set-Przekonwertowany-eksport-07.png&#8221; _builder_version=&#8221;4.17.4&#8243; _module_preset=&#8221;default&#8221; background_color=&#8221;#313235&#8243; background_enable_color=&#8221;on&#8221; background_enable_image=&#8221;off&#8221; background_blend=&#8221;multiply&#8221; global_colors_info=&#8221;{}&#8221; sticky_transition=&#8221;on&#8221;]<\/p>\n<p>Ka\u017cdy biznes funkcjonuje w swoim spo\u0142ecznym \u015brodowisku. Wsz\u0119dzie tam, gdzie biznes spotyka si\u0119 ze sfer\u0105 spo\u0142eczn\u0105, trzeba dzia\u0142a\u0107 odpowiedzialnie i rozwa\u017cnie, dlatego nasze do\u015bwiadczenie w organizacji program\u00f3w grantowych, realizacji spo\u0142ecznych inicjatyw czy te\u017c kampanii edukacyjnych, mo\u017ce okaza\u0107 si\u0119 dla Pa\u0144stwa istotn\u0105 warto\u015bci\u0105.<\/p>\n<p>[\/et_pb_slide][et_pb_slide heading=&#8221;Copywriting&#8221; image=&#8221;https:\/\/dimedia.pl\/wp-content\/uploads\/2022\/01\/1807.i216.043.P.m005.c20.coworking_set-Przekonwertowany-eksport-04.png&#8221; _builder_version=&#8221;4.17.4&#8243; _module_preset=&#8221;default&#8221; background_color=&#8221;#313235&#8243; background_enable_color=&#8221;on&#8221; background_enable_image=&#8221;off&#8221; background_blend=&#8221;multiply&#8221; global_colors_info=&#8221;{}&#8221; sticky_transition=&#8221;on&#8221;]<\/p>\n<p>W skutecznej komunikacji wa\u017cne s\u0105 zar\u00f3wno obraz, jak i s\u0142owo. Kreatywne, warto\u015bciowe tre\u015bci buduj\u0105 wizerunek marki, zwi\u0119kszaj\u0105 zainteresowanie produktami i us\u0142ugami, odpowiadaj\u0105 na potrzeby odbiorc\u00f3w, anga\u017cuj\u0105 ich, a tak\u017ce pozwalaj\u0105 stworzy\u0107 oraz podtrzymywa\u0107 z nimi relacj\u0119. Oferujemy us\u0142ugi tekstowe z zakresu content marketingu. Tworzymy tre\u015bci m.in. na materia\u0142y reklamowe, strony internetowe, blogi, social media, a tak\u017ce artyku\u0142y eksperckie, prezentacje, newslettery.<br \/>Realizuj\u0105c zlecenia na materia\u0142y promocyjne, dbamy o to, by ka\u017cdorazowo strona wizualna i tekstowa wsp\u00f3\u0142gra\u0142y ze sob\u0105, buduj\u0105c sp\u00f3jny, skuteczny przekaz.<\/p>\n<p>[\/et_pb_slide][et_pb_slide heading=&#8221;Wyposa\u017cenie biur i firm&#8221; button_text=&#8221;Wi\u0119cej informacji&#8221; image=&#8221;https:\/\/dimedia.pl\/wp-content\/uploads\/2022\/01\/1807.i216.043.P.m005.c20.coworking_set-Przekonwertowany-eksport-05.png&#8221; _builder_version=&#8221;4.17.4&#8243; _module_preset=&#8221;default&#8221; background_color=&#8221;#313235&#8243; background_enable_color=&#8221;on&#8221; background_enable_image=&#8221;off&#8221; background_blend=&#8221;multiply&#8221; hover_enabled=&#8221;0&#8243; global_colors_info=&#8221;{}&#8221; sticky_transition=&#8221;on&#8221; sticky_enabled=&#8221;0&#8243;]<\/p>\n<p>W ramach naszej agencji pod szyldem \u201eOfficium\u201d prowadzimy dzia\u0142alno\u015b\u0107 z zakresu kompleksowego wyposa\u017cania biur.<\/p>\n<p>[\/et_pb_slide][\/et_pb_fullwidth_slider][\/et_pb_section][et_pb_section fb_built=&#8221;1&#8243; _builder_version=&#8221;4.17.4&#8243; _module_preset=&#8221;default&#8221; background_image=&#8221;https:\/\/dimedia.pl\/wp-content\/uploads\/2021\/12\/student-849825_1920.jpg&#8221; parallax=&#8221;on&#8221; global_colors_info=&#8221;{}&#8221;][et_pb_row _builder_version=&#8221;4.17.4&#8243; _module_preset=&#8221;default&#8221; animation_style=&#8221;fade&#8221; global_colors_info=&#8221;{}&#8221;][et_pb_column type=&#8221;4_4&#8243; _builder_version=&#8221;4.17.4&#8243; _module_preset=&#8221;default&#8221; global_colors_info=&#8221;{}&#8221;][et_pb_text _builder_version=&#8221;4.17.4&#8243; _module_preset=&#8221;default&#8221; global_colors_info=&#8221;{}&#8221;]<\/p>\n<h1 style=\"text-align: center;\">Interesuje Pa\u0144stwa wsp\u00f3\u0142praca?<br \/>Zapraszamy do kontaktu.<\/h1>\n<p>[\/et_pb_text][et_pb_button button_url=&#8221;@ET-DC@eyJkeW5hbWljIjp0cnVlLCJjb250ZW50IjoicG9zdF9saW5rX3VybF9wYWdlIiwic2V0dGluZ3MiOnsicG9zdF9pZCI6IjE1OTgifX0=@&#8221; button_text=&#8221;kontakt&#8221; button_alignment=&#8221;center&#8221; _builder_version=&#8221;4.17.4&#8243; _dynamic_attributes=&#8221;button_url&#8221; _module_preset=&#8221;default&#8221; custom_margin=&#8221;15px||15px||true|false&#8221; global_colors_info=&#8221;{}&#8221;][\/et_pb_button][\/et_pb_column][\/et_pb_row][\/et_pb_section]<\/p>\n","protected":false},"excerpt":{"rendered":"<p>OfertaSzukaj\u0105 Pa\u0144stwo jednorazowego projektu?A mo\u017ce potrzebna jest sp\u00f3jna, rozbudowana kampania reklamowa?Jeste\u015bmy wielozadaniowi. Realizujemy zar\u00f3wno drobne, pojedyncze zlecenia, jak i du\u017ce, skomplikowane projekty. Wi\u0119cej informacji Oryginalny pomys\u0142, ambitna wizja, \u015bmia\u0142y plan \u2013 to podstawa sukcesu. R\u00f3wnie wa\u017cne s\u0105 jednak umiej\u0119tne przygotowanie i pracoch\u0142onna realizacja. Opracujemy dla Pa\u0144stwa sp\u00f3jny koncept budowania i promowania marki, tak by dotrze\u0107 [&hellip;]<\/p>\n","protected":false},"author":1,"featured_media":0,"parent":0,"menu_order":0,"comment_status":"closed","ping_status":"closed","template":"","meta":{"_et_pb_use_builder":"on","_et_pb_old_content":"<style>\/*! elementor - v3.5.5 - 03-02-2022 *\/\n.elementor-heading-title{padding:0;margin:0;line-height:1}.elementor-widget-heading .elementor-heading-title[class*=elementor-size-]>a{color:inherit;font-size:inherit;line-height:inherit}.elementor-widget-heading .elementor-heading-title.elementor-size-small{font-size:15px}.elementor-widget-heading .elementor-heading-title.elementor-size-medium{font-size:19px}.elementor-widget-heading .elementor-heading-title.elementor-size-large{font-size:29px}.elementor-widget-heading .elementor-heading-title.elementor-size-xl{font-size:39px}.elementor-widget-heading .elementor-heading-title.elementor-size-xxl{font-size:59px}<\/style><h2>Szukaj\u0105 Pa\u0144stwo jednorazowego projektu? <br>A mo\u017ce potrzebna jest sp\u00f3jna, rozbudowana kampania reklamowa?<\/h2>\t\t\n\t\t\t<h2>Jeste\u015bmy wielozadaniowi. Realizujemy zar\u00f3wno drobne, pojedyncze zlecenia, jak i du\u017ce, skomplikowane projekty.<\/h2>\t\t\n\t\t\t<h2>Wi\u0119cej informacji<\/h2>\t\t\n\t\t\t<h2>Nasza oferta<\/h2>\t\t\n\t\t\t<style>\/*! elementor - v3.5.5 - 03-02-2022 *\/\n@media (min-width:768px){.elementor-widget-icon-box.elementor-position-left .elementor-icon-box-wrapper,.elementor-widget-icon-box.elementor-position-right .elementor-icon-box-wrapper{display:-webkit-box;display:-ms-flexbox;display:flex}.elementor-widget-icon-box.elementor-position-left .elementor-icon-box-icon,.elementor-widget-icon-box.elementor-position-right .elementor-icon-box-icon{display:-webkit-inline-box;display:-ms-inline-flexbox;display:inline-flex;-webkit-box-flex:0;-ms-flex:0 0 auto;flex:0 0 auto}.elementor-widget-icon-box.elementor-position-right .elementor-icon-box-wrapper{text-align:right;-webkit-box-orient:horizontal;-webkit-box-direction:reverse;-ms-flex-direction:row-reverse;flex-direction:row-reverse}.elementor-widget-icon-box.elementor-position-left .elementor-icon-box-wrapper{text-align:left;-webkit-box-orient:horizontal;-webkit-box-direction:normal;-ms-flex-direction:row;flex-direction:row}.elementor-widget-icon-box.elementor-position-top .elementor-icon-box-img{margin:auto}.elementor-widget-icon-box.elementor-vertical-align-top .elementor-icon-box-wrapper{-webkit-box-align:start;-ms-flex-align:start;align-items:flex-start}.elementor-widget-icon-box.elementor-vertical-align-middle .elementor-icon-box-wrapper{-webkit-box-align:center;-ms-flex-align:center;align-items:center}.elementor-widget-icon-box.elementor-vertical-align-bottom .elementor-icon-box-wrapper{-webkit-box-align:end;-ms-flex-align:end;align-items:flex-end}}@media (max-width:767px){.elementor-widget-icon-box .elementor-icon-box-icon{margin-left:auto!important;margin-right:auto!important;margin-bottom:15px}}.elementor-widget-icon-box .elementor-icon-box-wrapper{text-align:center}.elementor-widget-icon-box .elementor-icon-box-title a{color:inherit}.elementor-widget-icon-box .elementor-icon-box-content{-webkit-box-flex:1;-ms-flex-positive:1;flex-grow:1}.elementor-widget-icon-box .elementor-icon-box-description{margin:0}<\/style>\t\t\n\t\t\t\t<h3>\n\t\t\t\t\t\tKomunikacja zewn\u0119trzna i wewn\u0119trzna\t\t\t\t\t\n\t\t\t\t<\/h3>\n\t\t\t\t\t\t\t\t\t<p>\n\t\t\t\t\t\tOryginalny pomys\u0142, ambitna wizja, \u015bmia\u0142y plan \u2013 to podstawa sukcesu. R\u00f3wnie wa\u017cne s\u0105 jednak umiej\u0119tne przygotowanie i pracoch\u0142onna realizacja. Opracujemy dla Pa\u0144stwa sp\u00f3jny koncept budowania i promowania marki, tak by dotrze\u0107 do grupy docelowej oraz odpowiednio wyeksponowa\u0107 warto\u015b\u0107 i potencja\u0142 oferty. Pomo\u017cemy wprowadzi\u0107 na rynek, a nast\u0119pnie wypromowa\u0107 nowe produkty i us\u0142ugi oraz dobra\u0107 w\u0142a\u015bciwe narz\u0119dzia komunikacji.\t\t\t\t\t<\/p>\n\t\t\t\t<h3>\n\t\t\t\t\t\tMarketing internetowy\t\t\t\t\t\n\t\t\t\t<\/h3>\n\t\t\t\t\t\t\t\t\t<p>\n\t\t\t\t\t\tTrudno sobie wyobrazi\u0107 efektywne funkcjonowanie wsp\u00f3\u0142czesnej firmy bez marketingu internetowego. Obecno\u015b\u0107 w mediach spo\u0142eczno\u015bciowych to obecno\u015b\u0107 w \u015bwiadomo\u015bci klient\u00f3w \u2013 pozwala utrzymywa\u0107 z nimi kontakt, na bie\u017c\u0105co informowa\u0107 o swoich dzia\u0142aniach, promowa\u0107 ofert\u0119 oraz podnosi\u0107 sprzeda\u017c. Powierzaj\u0105c nam ten aspekt swojej dzia\u0142alno\u015bci, mog\u0105 Pa\u0144stwo by\u0107 pewni, \u017ce skutecznie wykorzystamy potencja\u0142 tych narz\u0119dzi.\t\t\t\t\t<\/p>\n\t\t\t\t<h3>\n\t\t\t\t\t\tMateria\u0142y filmowe i animacje\t\t\t\t\t\n\t\t\t\t<\/h3>\n\t\t\t\t\t\t\t\t\t<p>\n\t\t\t\t\t\tTo dynamicznie rozwijaj\u0105ce si\u0119 dziedzina marketingu, kt\u00f3ra w biznesie ma obecnie coraz wi\u0119ksze znaczenie. Filmy i animacje nie s\u0105 ju\u017c tylko luksusem wielkich firm, ale standardem w nowoczesnej komunikacji. W ramach naszej dzia\u0142alno\u015bci zapewniamy profesjonalne przygotowanie tych form reklamy.  \t\t\t\t\t<\/p>\n\t\t\t\t<h3>\n\t\t\t\t\t\tProjektowanie graficzne\t\t\t\t\t\n\t\t\t\t<\/h3>\n\t\t\t\t\t\t\t\t\t<p>\n\t\t\t\t\t\tSukces marki to nie tylko dobry produkt, ale te\u017c odpowiednia identyfikacja wizualna. Kreatywny, ciekawy i w\u0142a\u015bciwie zrealizowany projekt graficzny pozwala si\u0119 wyr\u00f3\u017cni\u0107, budzi emocje, \u201eopowiada\u201d o firmie, buduje \u015bwiadomo\u015b\u0107 marki u odbiorc\u00f3w. Jako\u015b\u0107 Pa\u0144stwa materia\u0142\u00f3w graficznych \u015bwiadczy o jako\u015b\u0107 Pa\u0144stwa oferty. Powierzaj\u0105c nam t\u0119 dziedzin\u0119, mog\u0105 Pa\u0144stwo spokojnie skupi\u0107 si\u0119 na swojej pracy, a nasi specjali\u015bci zadbaj\u0105 o stron\u0119 wizualn\u0105 wszelkich form prezentacji jej efekt\u00f3w.  \t\t\t\t\t<\/p>\n\t\t\t\t<h3>\n\t\t\t\t\t\tDzia\u0142alno\u015b\u0107 wydawnicza i druk\t\t\t\t\t\n\t\t\t\t<\/h3>\n\t\t\t\t\t\t\t\t\t<p>\n\t\t\t\t\t\tTradycyjne publikacje nadal stanowi\u0105 wa\u017cny element biznesu, a rozwojowi medi\u00f3w elektronicznych niezmiennie towarzyszy rozw\u00f3j jako\u015bci materia\u0142\u00f3w drukowanych. Nasze wieloletnie do\u015bwiadczenie w bran\u017cy wydawniczej i dziennikarskiej pozwala nam profesjonalne przeprowadza\u0107 dla naszych Klient\u00f3w ca\u0142y proces wydawniczy i oddawa\u0107 w ich r\u0119ce starannie opracowane publikacje, niezale\u017cnie od tego, czy to niewielka broszura, gazeta bran\u017cowa, czy te\u017c obszerny album.\t\t\t\t\t<\/p>\n\t\t\t\t<h3>\n\t\t\t\t\t\tMateria\u0142y reklamowe\t\t\t\t\t\n\t\t\t\t<\/h3>\n\t\t\t\t\t\t\t\t\t<p>\n\t\t\t\t\t\tKa\u017cda forma promocji \u2013 niezale\u017cnie od tego, czy to gad\u017cet dla klient\u00f3w, prosty baner, odzie\u017c reklamowa czy te\u017c rozbudowane stoisko handlowe \u2013 wymaga kreatywnego podej\u015bcia i staranno\u015bci, bo \u015bwiadczy o Pa\u0144stwa firmie. Maj\u0105c t\u0119 \u015bwiadomo\u015b\u0107, przygotowujemy materia\u0142y z dba\u0142o\u015bci\u0105 o ka\u017cdy drobiazg, tak by efekt ko\u0144cowy by\u0142 odpowiednio dopracowany i atrakcyjny. \t\t\t\t\t<\/p>\n\t\t\t\t<h3>\n\t\t\t\t\t\tBudowanie program\u00f3w spo\u0142ecznych\t\t\t\t\t\n\t\t\t\t<\/h3>\n\t\t\t\t\t\t\t\t\t<p>\n\t\t\t\t\t\tKa\u017cdy biznes funkcjonuje w swoim spo\u0142ecznym \u015brodowisku. Wsz\u0119dzie tam, gdzie biznes spotyka si\u0119 ze sfer\u0105 spo\u0142eczn\u0105, trzeba dzia\u0142a\u0107 odpowiedzialnie i rozwa\u017cnie, dlatego nasze do\u015bwiadczenie w organizacji program\u00f3w grantowych, realizacji spo\u0142ecznych inicjatyw czy te\u017c kampanii edukacyjnych, mo\u017ce okaza\u0107 si\u0119 dla Pa\u0144stwa istotn\u0105 warto\u015bci\u0105.\t\t\t\t\t<\/p>\n\t\t\t\t<h3>\n\t\t\t\t\t\tCopywriting\t\t\t\t\t\n\t\t\t\t<\/h3>\n\t\t\t\t\t\t\t\t\t<p>\n\t\t\t\t\t\tW skutecznej komunikacji wa\u017cne s\u0105 zar\u00f3wno obraz, jak i s\u0142owo. Kreatywne, warto\u015bciowe tre\u015bci buduj\u0105 wizerunek marki, zwi\u0119kszaj\u0105 zainteresowanie produktami i us\u0142ugami, odpowiadaj\u0105 na potrzeby odbiorc\u00f3w, anga\u017cuj\u0105 ich, a tak\u017ce pozwalaj\u0105 stworzy\u0107 oraz podtrzymywa\u0107 z nimi relacj\u0119. Oferujemy us\u0142ugi tekstowe z zakresu content marketingu. Tworzymy tre\u015bci m.in. na materia\u0142y reklamowe, strony internetowe, blogi, social media, a tak\u017ce artyku\u0142y eksperckie, prezentacje, newslettery.\nRealizuj\u0105c zlecenia na materia\u0142y promocyjne, dbamy o to, by ka\u017cdorazowo strona wizualna i tekstowa wsp\u00f3\u0142gra\u0142y ze sob\u0105, buduj\u0105c sp\u00f3jny, skuteczny przekaz.  \n\t\t\t\t\t<\/p>\n\t\t\t\t<h3>\n\t\t\t\t\t\tWyposa\u017cenie biur i firm\t\t\t\t\t\n\t\t\t\t<\/h3>\n\t\t\t\t\t\t\t\t\t<p>\n\t\t\t\t\t\tW ramach naszej agencji pod szyldem \u201eOfficium\u201d prowadzimy dzia\u0142alno\u015b\u0107 z zakresu kompleksowego wyposa\u017cania biur.\t\t\t\t\t<\/p>\n\t\t\t<a href=\"https:\/\/dimedia.pl\/index.php\/officium\/\" role=\"button\">\n\t\t\t\t\t\tDowiedz si\u0119 wi\u0119cej\n\t\t\t\t\t<\/a>\n\t\t\t<h2>Interesuje Pa\u0144stwa wsp\u00f3\u0142praca? <br>Zapraszamy do kontaktu.<\/h2>\t\t\n\t\t\t<a href=\"https:\/\/dimedia.pl\/index.php\/kontakt\/\" role=\"button\">\n\t\t\t\t\t\tkontakt\n\t\t\t\t\t<\/a>","_et_gb_content_width":"","footnotes":""},"class_list":["post-24","page","type-page","status-publish","hentry"],"_links":{"self":[{"href":"https:\/\/dimedia.pl\/index.php\/wp-json\/wp\/v2\/pages\/24","targetHints":{"allow":["GET"]}}],"collection":[{"href":"https:\/\/dimedia.pl\/index.php\/wp-json\/wp\/v2\/pages"}],"about":[{"href":"https:\/\/dimedia.pl\/index.php\/wp-json\/wp\/v2\/types\/page"}],"author":[{"embeddable":true,"href":"https:\/\/dimedia.pl\/index.php\/wp-json\/wp\/v2\/users\/1"}],"replies":[{"embeddable":true,"href":"https:\/\/dimedia.pl\/index.php\/wp-json\/wp\/v2\/comments?post=24"}],"version-history":[{"count":135,"href":"https:\/\/dimedia.pl\/index.php\/wp-json\/wp\/v2\/pages\/24\/revisions"}],"predecessor-version":[{"id":1682,"href":"https:\/\/dimedia.pl\/index.php\/wp-json\/wp\/v2\/pages\/24\/revisions\/1682"}],"wp:attachment":[{"href":"https:\/\/dimedia.pl\/index.php\/wp-json\/wp\/v2\/media?parent=24"}],"curies":[{"name":"wp","href":"https:\/\/api.w.org\/{rel}","templated":true}]}}